at is the billions digit of 7992804989?
7
What is the ten millions digit of 25173521?
2
What is the millions digit of 595849468?
5
What is the units digit of 964577?
7
What is the ten thousands digit of 5930435906?
3
What is the units digit of 274873524?
4
What is the ten millions digit of 1742522218?
4
What is the tens digit of 22288352?
5
What is the units digit of 199411192?
2
What is the hundreds digit of 105909535?
5
What is the units digit of 2053676818?
8
What is the millions digit of 16441932?
6
What is the hundreds digit of 1062560535?
5
What is the millions digit of 72178058?
2
What is the ten thousands digit of 120721442?
2
What is the hundred thousands digit of 154613571?
6
What is the hundreds digit of 1334544577?
5
What is the units digit of 892848855?
5
What is the hundreds digit of 5751462153?
1
What is the hundred thousands digit of 557307570?
3
What is the hundred thousands digit of 957379891?
3
What is the tens digit of 4331619903?
0
What is the tens digit of 66439424?
2
What is the units digit of 54129642?
2
What is the hundred thousands digit of 1761103?
7
What is the hundreds digit of 2063818728?
7
What is the tens digit of 2882806207?
0
What is the ten millions digit of 2320516946?
2
What is the hundred thousands digit of 1273177008?
1
What is the tens digit of 565360896?
9
What is the tens digit of 1783534550?
5
What is the ten millions digit of 160152660?
6
What is the thousands digit of 334824617?
4
What is the hundreds digit of 80362623?
6
What is the millions digit of 206307158?
6
What is the hundred thousands digit of 311926741?
9
What is the thousands digit of 914234665?
4
What is the millions digit of 9003056966?
3
What is the ten thousands digit of 148233623?
3
What is the hundred thousands digit of 3109835141?
8
What is the thousands digit of 2178216?
8
What is the ten millions digit of 20371502?
2
What is the tens digit of 88576565?
6
What is the billions digit of 1455074580?
1
What is the hundreds digit of 140119?
1
What is the hundred thousands digit of 589906163?
9
What is the millions digit of 3203401114?
3
What is the thousands digit of 182095336?
5
What is the tens digit of 2217113154?
5
What is the tens digit of 770146563?
6
What is the hundreds digit of 21914034?
0
What is the tens digit of 23102908?
0
What is the billions digit of 2557044958?
2
What is the tens digit of 60867626?
2
What is the thousands digit of 18234122?
4
What is the hundred thousands digit of 66519608?
5
What is the hundreds digit of 151885759?
7
What is the millions digit of 693260574?
3
What is the millions digit of 30446041?
0
What is the hundred thousands digit of 1909753763?
7
What is the ten thousands digit of 25538179?
3
What is the ten thousands digit of 95735938?
3
What is the ten thousands digit of 9662800?
6
What is the units digit of 1255630449?
9
What is the ten millions digit of 92583581?
9
What is the tens digit of 43300219?
1
What is the units digit of 99899844?
4
What is the hundred millions digit of 209045910?
2
What is the tens digit of 4935380453?
5
What is the ten millions digit of 968851753?
6
What is the hundred thousands digit of 55113551?
1
What is the units digit of 2018875700?
0
What is the millions digit of 9079039977?
9
What is the tens digit of 162302527?
2
What is the units digit of 217439741?
1
What is the hundred thousands digit of 2683159852?
1
What is the thousands digit of 113518356?
8
What is the millions digit of 636584520?
6
What is the thousands digit of 190363624?
3
What is the thousands digit of 17034213?
4
What is the hundreds digit of 30790369?
3
What is the hundred thousands digit of 1886575518?
5
What is the hundred millions digit of 1558561659?
5
What is the ten millions digit of 218091195?
1
What is the thousands digit of 584350212?
0
What is the ten millions digit of 98271668?
9
What is the thousands digit of 7073847?
3
What is the billions digit of 1625582323?
1
What is the hundreds digit of 13049996?
9
What is the tens digit of 7850072261?
6
What is the ten thousands digit of 55834157?
3
What is the units digit of 1017501072?
2
What is the hundred thousands digit of 247489520?
4
What is the ten millions digit of 100702727?
0
What is the tens digit of 84160345?
4
What is the millions digit of 27233034?
7
What is the ten thousands digit of 1541970904?
7
What is the ten thousands digit of 37328984?
2
What is the ten thousands digit of 25329968?
2
What is the hundred thousands digit of 756298344?
2
What is the units digit of 2290260025?
5
What is the units digit of 134263124?
4
What is the ten thousands digit of 381443058?
4
What is the hundred millions digit of 3448116352?
4
What is the millions digit of 776349831?
6
What is the millions digit of 74910558?
4
What is the thousands digit of 48538789?
8
What is the ten millions digit of 52859808?
5
What is the hundreds digit of 220141325?
3
What is the millions digit of 3763486087?
3
What is the tens digit of 614268175?
7
What is the tens digit of 875717879?
7
What is the hundred millions digit of 566513553?
5
What is the ten thousands digit of 314965726?
6
What is the hundreds digit of 32443083?
0
What is the units digit of 29781971?
1
What is the hundred thousands digit of 77121287?
1
What is the billions digit of 7955037447?
7
What is the ten thousands digit of 8733699929?
9
What is the hundred millions digit of 893510078?
8
What is the hundreds digit of 979659547?
5
What is the hundreds digit of 205027149?
1
What is the hundred thousands digit of 6792319?
7
What is the hundred thousands digit of 2523043191?
0
What is the units digit of 109917392?
2
What is the millions digit of 182034984?
2
What is the thousands digit of 3051043016?
3
What is the hundred thousands digit of 4808577279?
5
What is the thousands digit of 1428311733?
1
What is the millions digit of 1564553504?
4
What is the units digit of 3053318158?
8
What is the millions digit of 249246170?
9
What is the tens digit of 292768002?
0
What is the millions digit of 57026509?
7
What is the ten thousands digit of 46355868?
5
What is the ten millions digit of 91570768?
9
What is the hundred thousands digit of 2643352949?
3
What is the hundreds digit of 11433091?
0
What is the ten thousands digit of 1546177615?
7
What is the ten millions digit of 120442791?
2
What is the hundreds digit of 1413976837?
8
What is the units digit of 233307412?
2
What is the hundred thousands digit of 3765050783?
0
What is the units digit of 45023669?
9
What is the hundred millions digit of 1372678248?
3
What is the ten thousands digit of 329168520?
6
What is the hundreds digit of 1526717669?
6
What is the ten millions digit of 529353385?
2
What is the ten millions digit of 26707661?
2
What is the hundreds digit of 964256920?
9
What is the thousands digit of 127355874?
5
What is the hundred thousands digit of 1598281332?
2
What is the units digit of 1145162202?
2
What is the hundreds digit of 430180954?
9
What is the tens digit of 164336910?
1
What is the hundred thousands digit of 351743755?
7
What is the units digit of 36736764?
4
What is the hundreds digit of 2090663476?
4
What is the ten millions digit of 95945687?
9
What is the millions digit of 76325820?
6
What is the thousands digit of 302757169?
7
What is the millions digit of 123474600?
3
What is the tens digit of 3708052381?
8
What is the tens digit of 203452294?
9
What is the units digit of 1732566478?
8
What is the millions digit of 59431949?
9
What is the thousands digit of 217301577?
1
What is the thousands digit of 1219904064?
4
What is the hundreds digit of 51894247?
2
What is the tens digit of 197050138?
3
What is the thousands digit of 71179817?
9
What is the hundred millions digit of 449635913?
4
What is the hundreds digit of 75474781?
7
What is the units digit of 83695593?
3
What is the tens digit of 106527064?
6
What is the units digit of 233349750?
0
What is the tens digit of 704113239?
3
What is the hundreds digit of 328104217?
2
What is the hundred thousands digit of 2838371429?
3
What is the hundred thousands digit of 1164532393?
5
What is the ten thousands digit of 408777967?
7
What is the hundred millions digit of 139775308?
1
What is the units digit of 239206507?
7
What is the units digit of 80790825?
5
What is the te